the remainder when 97743 is divided by 1962.
1605
Calculate the remainder when 3562908 is divided by 87.
84
Calculate the remainder when 447565 is divided by 460.
445
Calculate the remainder when 648214 is divided by 26973.
862
What is the remainder when 1880674911 is divided by 59?
56
What is the remainder when 4108 is divided by 747?
373
What is the remainder when 301461 is divided by 6851?
17
What is the remainder when 2548861 is divided by 395?
321
What is the remainder when 112838 is divided by 37557?
167
What is the remainder when 3724714 is divided by 489?
1
Calculate the remainder when 24099265 is divided by 502067.
49
What is the remainder when 11302843 is divided by 5651416?
11
Calculate the remainder when 178656 is divided by 213.
162
Calculate the remainder when 3055534 is divided by 3186.
160
What is the remainder when 655976 is divided by 656?
632
Calculate the remainder when 1552347 is divided by 98.
27
What is the remainder when 2808055 is divided by 234003?
19
Calculate the remainder when 83339 is divided by 27752.
83
What is the remainder when 16053903 is divided by 3261?
0
What is the remainder when 3117131 is divided by 380?
371
What is the remainder when 7042953 is divided by 4413?
4218
What is the remainder when 3243734 is divided by 50683?
22
What is the remainder when 1417512 is divided by 32?
8
Calculate the remainder when 3513825 is divided by 585624.
81
Calculate the remainder when 5952414 is divided by 84.
6
Calculate the remainder when 120494 is divided by 120212.
282
What is the remainder when 9750328 is divided by 214?
60
Calculate the remainder when 20088 is divided by 1555.
1428
What is the remainder when 23715 is divided by 1072?
131
What is the remainder when 247607 is divided by 938?
913
What is the remainder when 110124 is divided by 54976?
172
What is the remainder when 7765207 is divided by 57?
40
Calculate the remainder when 10036175 is divided by 457.
455
What is the remainder when 1380303 is divided by 632?
15
What is the remainder when 10529005 is divided by 63?
4
Calculate the remainder when 197076 is divided by 546.
516
What is the remainder when 137396713 is divided by 1347?
19
What is the remainder when 92815712 is divided by 7734?
7712
What is the remainder when 27550498 is divided by 93076?
2
Calculate the remainder when 188635 is divided by 75.
10
What is the remainder when 17823263 is divided by 12?
11
What is the remainder when 17294382 is divided by 15?
12
Calculate the remainder when 46640 is divided by 736.
272
Calculate the remainder when 58872 is divided by 1127.
268
What is the remainder when 596004 is divided by 595723?
281
Calculate the remainder when 58317 is divided by 82.
15
Calculate the remainder when 1184910 is divided by 141.
87
Calculate the remainder when 26281337 is divided by 225.
212
Calculate the remainder when 3120773 is divided by 1539.
1220
Calculate the remainder when 1554716 is divided by 3503.
2887
What is the remainder when 16491762 is divided by 21989?
12
What is the remainder when 82912094 is divided by 869?
804
What is the remainder when 65800 is divided by 16440?
40
What is the remainder when 260968 is divided by 1186?
48
Calculate the remainder when 23571313 is divided by 25264.
1
What is the remainder when 107218 is divided by 3257?
2994
Calculate the remainder when 55198 is divided by 13391.
1634
Calculate the remainder when 383459983 is divided by 98.
95
What is the remainder when 1243996 is divided by 956?
240
Calculate the remainder when 267187 is divided by 88976.
259
Calculate the remainder when 3586131 is divided by 4833.
45
What is the remainder when 154821 is divided by 253?
238
Calculate the remainder when 539598355 is divided by 1303.
1298
What is the remainder when 1604421 is divided by 178?
107
What is the remainder when 2414931 is divided by 24895?
116
What is the remainder when 387856 is divided by 129259?
79
What is the remainder when 73070 is divided by 72704?
366
Calculate the remainder when 1312849 is divided by 682.
681
Calculate the remainder when 269793543 is divided by 31.
16
What is the remainder when 3467002 is divided by 1971?
13
Calculate the remainder when 4494151 is divided by 4.
3
What is the remainder when 47684 is divided by 61?
43
Calculate the remainder when 96041 is divided by 13538.
1275
Calculate the remainder when 93092687 is divided by 14.
9
Calculate the remainder when 97428 is divided by 919.
14
Calculate the remainder when 3204825 is divided by 1164.
333
What is the remainder when 164615 is divided by 41151?
11
Calculate the remainder when 1999953 is divided by 246.
219
Calculate the remainder when 97364 is divided by 9744.
9668
Calculate the remainder when 50327 is divided by 99.
35
What is the remainder when 1754557 is divided by 13?
12
What is the remainder when 26245918 is divided by 26245896?
22
Calculate the remainder when 304006 is divided by 99628.
5122
Calculate the remainder when 88760 is divided by 17551.
1005
Calculate the remainder when 37327 is divided by 2068.
103
Calculate the remainder when 583081 is divided by 3842.
2939
Calculate the remainder when 2128015 is divided by 4124.
31
What is the remainder when 405656 is divided by 108?
8
What is the remainder when 69918 is divided by 1542?
528
What is the remainder when 2529417 is divided by 8293?
52
What is the remainder when 184057 is divided by 26249?
314
Calculate the remainder when 1280928 is divided by 3155.
3153
Calculate the remainder when 185150 is divided by 775.
700
What is the remainder when 200743233 is divided by 89818?
3
Calculate the remainder when 10811323 is divided by 5.
3
Calculate the remainder when 788117 is divided by 39398.
157
Calculate the remainder when 31764 is divided by 1345.
829
Calculate the remainder when 1890396 is divided by 369.
9
What is the remainder when 719217106 is divided by 3970?
3966
What is the remainder when 13555852 is divided by 24?
4
Calculate the remainder when 14069944 is divided by 71.
16
Calculate the remainder when 2845488 is divided by 948257.
717
What is the remainder when 8460 is divided by 364?
88
What is the remainder when 105081919 is divided by 2918942?
7
What is the remainder when 65730717 is divided by 1734?
1713
What is the remainder when 43151931 is divided by 217939?
9
What is the remainder when 1176000 is divided by 302?
12
What is the remainder when 251082 is divided by 152?
130
What is the remainder when 12231436 is divided by 494?
490
Calculate the remainder when 81195980 is divided by 1164.
1160
What is the remainder when 60889 is divided by 4053?
94
What is the remainder when 1294192 is divided by 188?
0
What is the remainder when 180931 is divided by 14980?
1171
What is the remainder when 125011 is divided by 120026?
4985
Calculate the remainder when 19544163 is divided by 587.
585
Calculate the remainder when 50122149 is divided by 13.
12
Calculate the remainder when 2661608 is divided by 1330737.
134
Calculate the remainder when 57036964 is divided by 619967.
0
Calculate the remainder when 246291 is divided by 11190.
111
Calculate the remainder when 5598898 is divided by 9045.
43
What is the remainder when 1539735 is divided by 219961?
8
What is the remainder when 15070534 is divided by 13082?
70
Calculate the remainder when 1339481 is divided by 1339235.
246
What is the remainder when 6890747 is divided by 23279?
163
What is the remainder when 484646420 is divided by 2227?
2226
Calculate the remainder when 14749 is divided by 2449.
55
What is the remainder when 3556884 is divided by 136802?
32
What is the remainder when 31998732 is divided by 836?
832
What is the remainder when 43502594 is divided by 74?
66
Calculate the remainder when 6213988 is divided by 2071265.
193
What is the remainder when 7358539 is divided by 5047?
13
What is the remainder when 19045515 is divided by 28?
27
Calculate the remainder when 2334718 is divided by 1140.
1138
What is the remainder when 511889724 is divided by 10288?
10284
Calculate the remainder when 7114 is divided by 607.
437
What is the remainder when 316528 is divided by 31652?
8
What is the remainder when 45205 is divided by 2313?
1258
Calculate the remainder when 96084175 is divided by 32.
15
Calculate the remainder when 4091539 is di